f 6 and u?
6
Suppose -15 = -m - 2*m. Suppose -m*n + 19 = 4. Suppose 4*s - 128 = -n*g, 5*s + 13 = -7. What is the highest common factor of 6 and g?
6
Let s be (-1)/(-1) + (-2 - -16). Let u be (13/((-65)/(-20)))/((-2)/(-5)). What is the greatest common factor of u and s?
5
Let k = -25 + 16. Let o be (-1 - k)/(2/5). Calculate the greatest common factor of 20 and o.
20
Suppose 600 = 4*y + y. Let u(r) = -49*r**3 - 1. Let j be u(-1). Suppose -o - 3*o + j = 0. What is the highest common factor of o and y?
12
Suppose -2*y - 2 = -10. Let i be ((-1)/y)/(3/(-60)). Suppose 0 = -i*x + 55 + 5. Calculate the highest common factor of 36 and x.
12
Let i(b) be the third derivative of -b**4/12 - 7*b**3/6 + 5*b**2. Let t be i(-6). Calculate the highest common factor of t and 55.
5
Suppose 9 - 49 = -4*h. What is the highest common divisor of 5 and h?
5
Let y(b) = b**2 - 9*b - 9. Suppose 40 = w + 3*w. Let h be y(w). What is the highest common divisor of h and 1?
1
Suppose 0 = -y, 0*y = -o - 5*y - 2. Let k = o + 4. Suppose 15 = w + k*w. Calculate the highest common divisor of 40 and w.
5
Suppose -2*q = 4*o - 1014, -5*o = -o - 4*q - 1008. Calculate the greatest common divisor of o and 23.
23
Let b(j) = 2*j**2 - 32*j - 3. Let a be b(17). What is the highest common factor of a and 124?
31
Let q(x) = 4*x - 84. Let g be q(24). Let d(a) = 8*a - 18*a - 18*a. Let i be d(-3). What is the greatest common divisor of i and g?
12
Let s be (-1)/((-4)/(-38))*-4. Suppose -2*m = 2*u - s - 8, -4*u + 122 = -2*m. Let l = -17 + 31. What is the greatest common divisor of l and u?
14
Suppose 4*o - 313 = 47. Suppose -13*f = -16*f + 30. What is the highest common factor of o and f?
10
Suppose 3*k = 5*d - 9 - 7, -4*d = 2*k - 4. Suppose 0*h = -2*h - s + 14, d*h + 4*s - 20 = 0. Let p = -25 + 26. Calculate the highest common divisor of p and h.
1
Let h = 6 - 3. Suppose -4*a + 4 = -4*j, -3*j - 5 = -h*a - 2*a. Let g be j - (1 + 11)*-1. Calculate the greatest common divisor of 108 and g.
12
Suppose -h - 2 = 2*o, 33 = 5*h + o + 7. Let w(f) = f**2 - 5*f - 3. Let a be w(h). Suppose k = a*k - 4. Calculate the highest common factor of k and 1.
1
Suppose 3*o - 2*q - 10 = 4*o, 5*o - 3*q + 24 = 0. Let v = 27 - o. Suppose 3 = -9*f + 10*f. Calculate the greatest common factor of v and f.
3
Suppose -9 = -j + 12. Calculate the greatest common factor of 3 and j.
3
Suppose -f + 4*y = -18, 4*y = -y - 15. What is the greatest common factor of 2 and f?
2
Let u(a) = -a**2 - a + 3. Let g be u(0). Let r = g - -14. Calculate the greatest common divisor of r and 136.
17
Let l(z) = -5 + 10 + 202*z - 197*z. Let v be (1 - 0)/(1/7). Let b be l(v). Calculate the highest common divisor of 8 and b.
8
Let v(z) = -z**2 - z. Let m(h) = -2*h**2 - 16*h + 16. Let x(o) = m(o) - v(o). Let d be x(-11). What is the greatest common divisor of 10 and d?
10
Let c be 1/(3/24) + -3. Suppose a - c = -l, -4*l + 23 = 3*a + 5. What is the highest common divisor of 2 and a?
2
Let a be -30*(4 - 45/10). What is the highest common factor of 120 and a?
15
Let n be 2/(-7) + (-1092)/(-49). Suppose 3*q + r + 3*r - 714 = 0, 0 = 3*q + 3*r - 717. Calculate the highest common divisor of q and n.
22
Let w(o) = 2*o + 4. Let t be w(4). Suppose 4*m + 1 = 13. Suppose 5*q + 4*f = 312, m*f - 11 = -2. Calculate the greatest common factor of q and t.
12
Let g be (0 - 6/4)*-8. Suppose 0 = 2*s - 10, 5*t - 13 + 48 = -3*s. Let z(p) = -p + 8. Let x be z(t). Calculate the greatest common divisor of g and x.
6
Let y = -4 + 2. Let u(d) = 3*d**2. Let f be u(y). What is the highest common factor of 36 and f?
12
Let q = 6 - 3. Suppose -4*j + 2*j + 20 = d, -20 = -q*d + 2*j. Calculate the highest common factor of 5 and d.
5
Let c = 1 - -7. Let h = -3 + c. Calculate the highest common factor of h and 10.
5
Let g be (84/(-15))/(6/(-15)). Let z(s) = -8*s - 4. Let o be z(-4). What is the greatest common factor of o and g?
14
Suppose -20 = 5*y, 3*y - 2 - 46 = 3*j. Let k be (-8)/j - (-48)/5. Suppose -5*m + 210 = -2*m. What is the highest common divisor of k and m?
10
Let a = 103 - 75. Calculate the greatest common divisor of 35 and a.
7
Let p be ((-16)/(-2))/((-1)/(-3)). Suppose 0 = 5*b - 15, -3*b = i + 9 - 26. Let c be i*(51/6 + -1). Calculate the greatest common factor of p and c.
12
Suppose 2 = -4*p + 34. Let s = 14 - p. Calculate the highest common factor of 24 and s.
6
Let x(y) = -y**2 + 6*y + 2. Let w be x(3). Let l be 1 + (-3)/(3/(-10)). What is the highest common factor of w and l?
11
Let c be 0/(1 + 3) + 28. Suppose 2*g = -3*g + 145. Suppose -z - 2*q = 3*q + 8, 0 = 5*z + 2*q - g. What is the highest common divisor of c and z?
7
Suppose 4*u - 12 = -m + u, -2*m + 4*u + 4 = 0. Let f be 2/4 - 17/2. Let t be -6*(-4)/(f/(-18)). Calculate the highest common factor of m and t.
6
Suppose 4*w = 3*z - 11, 0 = -3*z - 5*w - 5 + 25. Suppose -z*x - 4 = -x. Let h be x/4 + 53/4. Calculate the greatest common divisor of h and 26.
13
Let b(l) = l - 2. Let n be b(7). Let u be 2*(0 + (-380)/(-2)). Suppose -s = -3*q + u + 6, -634 = -n*q - 3*s. Calculate the highest common factor of 16 and q.
16
Let h(q) be the third derivative of q**6/120 + q**5/4 + 5*q**4/8 + 8*q**3/3 + 6*q**2. Let p be h(-14). Calculate the greatest common divisor of p and 2.
2
Let s = 13 - 1. Suppose -4*k - k + 90 = 0. Suppose 2*f = 138 - k. What is the highest common divisor of s and f?
12
Let w = 11 - 5. Let u = 4 - 5. Let j = 5 - u. What is the greatest common factor of j and w?
6
Let r be ((-21)/(-6))/7*-48. Let m = r - -14. Let l be m/3*3/(-2). Calculate the highest common factor of l and 25.
5
Let p be 189/(-18)*20/(-6). What is the highest common divisor of 14 and p?
7
Suppose 3*w = -0*w + 390. Let o be (-1)/(-3) - w/(-6). Suppose 0 = -0*x - 2*x - 3*u + 81, 2*u - 43 = -x. What is the greatest common factor of x and o?
11
Suppose -k = 4, -3*k = 4*r - 5*r + 22. Let y = 16 - r. What is the highest common factor of 42 and y?
6
Let u be (3/(-4))/((-3)/(-72)). Let c be (u/(-21))/((-1)/(-7)). Calculate the highest common factor of 6 and c.
6
Let z(m) be the first derivative of -m**2 - 2*m - 2. Suppose -5*i + 2*l = 4*l + 20, -5 = -l. Let d be z(i). What is the greatest common factor of d and 20?
10
Let d(t) = -t**2 + 12*t - 9. Let n be d(11). Suppose -40 = -n*w + 284. Calculate the highest common divisor of 18 and w.
18
Let w(g) be the second derivative of -g**3/2 + 4*g**2 + 7*g. Let a be w(-6). What is the greatest common divisor of 65 and a?
13
Let h = -2 + -1. Let t be (-266)/(-6) - (-1)/h. Suppose 0 = 2*i + 3*i + 4*f - 75, -2*f = -i + 1. What is the greatest common factor of i and t?
11
Let n(q) = -2*q - 10. Let r be n(-6). What is the greatest common factor of 22 and r?
2
Suppose 3*u - 199 = -4. Let v be 2 + -4 + 30 + -2. What is the greatest common divisor of u and v?
13
Suppose -16*j + 4*j = -612. Calculate the highest common factor of 51 and j.
51
Let s(t) = t**3 - 6*t**2 + 4*t + 4. Let b be s(6). What is the highest common factor of 42 and b?
14
Let k(g) = 36*g**2 - 2*g + 1. Let s be k(1). Let b(q) = -q**3 - q**2 - 4. Suppose -v + 6 = -3*v. Let u be b(v). What is the greatest common factor of s and u?
7
Let l = 17 + -31. Let r = l + 26. What is the highest common factor of 18 and r?
6
Suppose -4*b = 4 - 16, 0 = -2*v + 5*b - 11. Suppose -33 = -v*x - 11. Calculate the highest common divisor of 11 and x.
11
Let l(o) = -12*o**3 - 2*o. Let d be l(-1). Calculate the greatest common factor of d and 21.
7
Let l be 4/(-10) - ((-3528)/15)/3. What is the greatest common factor of 6 and l?
6
Suppose -13*b + 188 = -7. Let p be (-146)/(-10) - (-4)/10. Calculate the highest common divisor of b and p.
15
Suppose 0 = 3*x + x - 68. What is the greatest common divisor of 51 and x?
17
Suppose -5*l + l = 0. Suppose 32*c - 33*c = -3. Suppose -3*k - 4*a + 60 = l, k = c*a - 7*a + 28. What is the highest common factor of 128 and k?
16
Suppose 2*u - 40 = -6. Calculate the highest common factor of u and 153.
17
Suppose d + 507 = 3*j - 2*d, 0 = 2*j - d - 334. What is the greatest common factor of j and 15?
15
Let p be (4/8)/(1/24). Let j(u) = u + 8. Let y be j(p). Calculate the highest common divisor of y and 5.
5
Let n = -49 - -115. Calculate the highest common factor of n and 6.
6
Suppose -7*h + 73 + 207 = 0. What is the greatest common fa